- 210 = -3*h. Let q(f) = 6*f**2 - 41*f - 218. Let r be q(-4). What is the greatest common divisor of h and r?
14
Let b(s) be the second derivative of 11*s**3/6 - 37*s**2/2 - 2*s + 18. Let q be b(7). What is the highest common divisor of q and 10?
10
Let u(m) = 2*m - 14. Let n be u(15). Calculate the highest common factor of 24 and n.
8
Let j = -218 - -278. Calculate the greatest common factor of j and 90.
30
Suppose 0 = -2*j - 101 + 31. Let p be 597/5 - 21/j. Suppose -5*d + 0*d = -p. Calculate the greatest common divisor of 6 and d.
6
Let w = -359 - -395. Calculate the greatest common factor of w and 36.
36
Let a be (4/(-10))/((-1)/410). Let z(u) = -77*u - 3. Let j be z(1). Let d = j + a. Calculate the highest common divisor of d and 21.
21
Suppose -3*o + 169 = 13. Calculate the greatest common factor of o and 130.
26
Suppose 11*m = -289 + 1004. Let k be 12/(-8)*78/(-9). Calculate the greatest common factor of k and m.
13
Let h = -575 - -581. Calculate the greatest common divisor of 54 and h.
6
Let j(f) = -12*f**3 - f - 1. Let v be j(-1). Let p be 2/v - 7/6. Let a = 9 - p. Calculate the highest common divisor of a and 40.
10
Let p(x) = 2*x + 2. Let c be p(5). Suppose -14*q + c*q = -128. What is the highest common divisor of q and 16?
16
Suppose -1225 + 185 = -2*y. Calculate the highest common divisor of y and 200.
40
Suppose j + 3*v + 13 = 0, -v + 2*v - 1 = -3*j. What is the greatest common divisor of 3 and j?
1
Let n be 1 + 8/8 + 62. What is the highest common divisor of n and 144?
16
Let a(t) = 21*t + 104. Let z(j) = -4*j - 21. Let v(y) = -2*a(y) - 11*z(y). Let i be v(-4). Calculate the highest common factor of i and 5.
5
Let w = 8 - 5. Suppose -w*p = b + 2*p - 22, b = p + 10. Let u = -27 + 123. What is the highest common divisor of u and b?
12
Let m(o) = 2*o - 2. Suppose -1 = -l + 5*r + 28, -2*r = -5*l + 30. Let c be m(l). Let b = c + 3. Calculate the highest common divisor of 45 and b.
9
Suppose -6*z + z = 225. Let n = -4 + 4. Let y = n - z. What is the highest common divisor of y and 5?
5
Let v(p) = -p + 12. Let s be v(8). Let j be ((-6)/s)/(6/(-92)). Calculate the greatest common divisor of 253 and j.
23
Let w = -82 - -84. Suppose -2*v - w*b + 18 = 0, 5*v + 0*v - b = 33. Calculate the highest common divisor of 21 and v.
7
Let g = -12 + 20. Let l(q) = -2*q**3 - 45*q**2 + 21*q - 26. Let x be l(-23). What is the highest common factor of g and x?
4
Let v be 35 + (2 - 4)/1. Let b be (-1116)/v + (-4)/22. Let w be -2*(-1)/(-2)*b. What is the greatest common factor of w and 51?
17
Suppose 4*j - 2 = -0*k + k, -9 = -3*k - 3*j. Suppose 47 = k*w + 5. Suppose 0 = -4*m + w + 139. What is the greatest common factor of m and 5?
5
Suppose -9 + 81 = 6*k. Let w be -1*1 + (90 - 5). What is the greatest common factor of w and k?
12
Let h = 151 + 345. Calculate the highest common divisor of 32 and h.
16
Let n be (-18)/(-45) + (-13)/(-5). Suppose -118 = -n*j - 25. What is the greatest common factor of 186 and j?
31
Suppose -44*n + 168 = -23*n. Calculate the highest common divisor of 236 and n.
4
Let j = -252 - -314. What is the greatest common factor of j and 124?
62
Suppose -4*w + 121 = -3*m, 4*m - 2*m - 2 = 0. Let t = w - 13. Calculate the greatest common divisor of t and 18.
18
Let w(s) = -12*s - 4 - 24*s**2 - 19 + 23*s**2. Let g be w(-6). What is the highest common factor of 13 and g?
13
Let a be 20/(-6)*(-810)/25. What is the highest common factor of a and 48?
12
Let t(f) = -f**2 + 53*f - 528. Let w be t(39). What is the greatest common divisor of w and 1341?
9
Let q = 529 - 441. What is the greatest common divisor of q and 836?
44
Suppose 3*q - 11 = -2*n, -4*q + 43 = -2*n - n. Let w = -24 + 40. Let p = w + -9. What is the highest common factor of q and p?
7
Suppose 25*w - 300 = 21*w. Calculate the greatest common divisor of w and 60.
15
Let k be (-51)/(-4) - (-6)/(-8). Let i be -5*(k/(-5))/4. Suppose 5*z + i*n = 75, -z + 15 = -0*z + 5*n. What is the highest common factor of z and 120?
15
Let t = -5 - -10. Suppose t*b + 12 = -3. Let g be b/((-12)/40) - 2. Calculate the greatest common divisor of 8 and g.
8
Let l = 23 - -38. Let q = -51 + l. Let f = 214 + -124. Calculate the greatest common divisor of f and q.
10
Suppose -3*i + 202 = -3*p + 28, p - 302 = -5*i. Calculate the greatest common factor of i and 420.
60
Let a(u) = -u**2 - 24*u - 7. Let i be a(-21). What is the greatest common factor of 16 and i?
8
Let x = -51 + 195. Suppose 4*v + 0*o - 2*o = 142, -3*o = -v + 33. What is the greatest common divisor of v and x?
36
Suppose 15314 = -4*q + 15342. What is the highest common divisor of 1379 and q?
7
Suppose 6*h - 2*h - 240 = 0. Let s be (-2)/4 - 82/(-4). What is the greatest common divisor of h and s?
20
Let o = 3 - 39. Let d = 56 + o. Calculate the highest common factor of d and 140.
20
Suppose u = -q + 6, 4*u = 5*q + 5 + 1. Let n(j) = -j**2 + 5*j - 3. Let t be n(q). Suppose 15 + 21 = t*o. What is the highest common divisor of o and 132?
12
Suppose 2*l = 3*s + 8, 4*l - 5*l + 4 = 0. Suppose -c + 2*c = 4, -4*m - 2*c + 232 = s. Calculate the greatest common factor of 7 and m.
7
Let r be 2/5*-5 - -6*4. Suppose r = -4*i + 54. What is the greatest common factor of i and 2?
2
Let s = -10 + 16. Suppose 29*t - 33*t = 0. Suppose t = 4*k + 20, -j - 5*k = 2*j - 119. What is the greatest common factor of s and j?
6
Let x = -32 - -36. Let r(d) = d**2 + d + 3. Let q be r(x). Calculate the greatest common factor of 115 and q.
23
Let i be ((-2)/1 + -5)*-3. Let n be ((2 - 2) + -10)/2. Let u be (-45)/n - (0 - -2). What is the highest common divisor of i and u?
7
Suppose -2*y + 7973 = 7913. What is the greatest common factor of y and 30?
30
Let o be (-1 - (-3 - -2))/(-2). Let d = o + -16. Let p = -2 - d. Calculate the greatest common divisor of 98 and p.
14
Suppose -25*b = -32*b + 140. Let w be 102 + (-4 + 0 - -2). Calculate the greatest common factor of w and b.
20
Suppose -20*j + 278 = -18*j. Suppose -581 - j = -9*n. What is the greatest common divisor of n and 16?
16
Let n be 6*1*(-16)/(-6). Let k = -1445 - -1469. What is the greatest common divisor of k and n?
8
Let v = -6 - -10. Suppose -5*u - 37 = m - 5*m, -v*m = -u - 17. Let l = 0 - u. Calculate the greatest common divisor of l and 55.
5
Suppose 3*i - 5*h - 48 = 0, 2*h + 50 = 5*i - 30. What is the highest common divisor of i and 4?
4
Let x(u) = u**2 + 5*u + 7. Let c be x(9). What is the greatest common divisor of c and 76?
19
Suppose 4*r + 5*r = 36. Suppose y - r*m - 5 = 0, 5*y + m - 1 - 3 = 0. Calculate the greatest common divisor of 8 and y.
1
Suppose g = 5*u + 1, 0 = -4*u - 5*g + 1 + 4. Suppose l - 19 + 15 = u. What is the highest common divisor of l and 28?
4
Let o(r) = 4*r**2 + 44*r + 32. Let b be o(-12). Calculate the greatest common factor of b and 5.
5
Let c be ((-4 - -5) + -5)/((-6)/3). What is the highest common factor of 25 and c?
1
Let z be ((-2 - -16) + -4)/2. Let c be ((-1)/(-3))/((-2)/(-6)). What is the greatest common divisor of z and c?
1
Let n be (-2020)/(-30)*(6/4)/1. Suppose 3*h - 19 = n. What is the greatest common divisor of h and 5?
5
Let f = 35 - 60. Let s be f/(-3) + 2/(-6). Suppose 0 = 4*t - 12 - s. Calculate the highest common factor of t and 25.
5
Suppose 4*c - x - 1 = 89, 4*c + 4*x - 80 = 0. Let t be -14*(5 + c/(-4)). Calculate the highest common divisor of t and 1.
1
Let i = 505 - 457. What is the greatest common factor of i and 80?
16
Let b be (144/30)/((-6)/(-105)). Let v be (-2)/6 + (-28)/42 - -13. What is the highest common divisor of b and v?
12
Suppose -5*b + 101 + 75 = 4*k, 3*b - 5*k - 76 = 0. What is the greatest common divisor of 1 and b?
1
Let u(v) = 8*v**2 + 28*v + 14. Let y be u(-6). What is the greatest common divisor of y and 201?
67
Suppose t - 4*p = -4*t + 2, 1 = -5*t + 3*p. Let x(r) = 5*r**2 - 3*r - 3. Let v be x(t). What is the highest common divisor of 161 and v?
23
Let z = -41 + 51. Let q be (-1 + 0)*(-180)/z. Calculate the greatest common divisor of 45 and q.
9
Suppose -780*x + 776*x + 576 = 0. What is the highest common factor of 88 and x?
8
Let s(j) = j**3 + 4*j**2 - 14*j - 9. Let h be s(-5). Calculate the greatest common divisor of h and 192.
12
Let y = 14 + -9. Calculate the highest common factor of 65 and y.
5
Let h = 16 + -17. Let w be h/3 + (-553)/(-21)